 g = -1322 - -3118. What are the prime factors of g?
2, 449
List the prime factors of -278 - -5162 - (-1)/(-1)*-1.
5, 977
Suppose n + z + 422 = 0, 2*n = 3*n - z + 426. Let j be (-1)/(-5) - n/5. Let q = j - 39. List the prime factors of q.
2, 23
Let g(i) = -4 - 1 - 20*i**2 - 32 + 6*i + i**3. What are the prime factors of g(20)?
83
Let w be (0 - -3)*-1*3. Suppose -22*g - 7*g = 58. Let n = g - w. What are the prime factors of n?
7
Let i(d) = -2*d - 5. Let r be i(-12). Let h = r + -16. Suppose -h = -z + 19. List the prime factors of z.
2, 11
Suppose -3*d = -43 + 34. Suppose 0 = -d*v + 15, -x - 4*v = -5*x + 1028. List the prime factors of x.
2, 131
Suppose -5*t + 135 = 100. What are the prime factors of t?
7
Suppose -23 = -2*c + a, -c + 0*c + a = -9. Let r = 20 - c. Suppose 4*h - 25 = -3*t, 5 = r*h - h. List the prime factors of t.
7
Let s = -53 + 301. Suppose -7*w = -3*w - s. What are the prime factors of w?
2, 31
Let h(y) = 7*y + 7*y**2 + 6 - 3*y**2 + 0*y. What are the prime factors of h(-6)?
2, 3
Suppose -11*s + 0*s + 3861 = 0. List the prime factors of s.
3, 13
Let n(d) = -d**2 + d - 2. Let o(l) = 7*l**2 - 3*l + 7. Let g(w) = 4*n(w) + o(w). What are the prime factors of g(-9)?
233
Let b = 33 - 17. Suppose -2*o + 6 = -5*s + 36, -s = 4*o + b. Suppose 2*g + 182 = s*l, g + 2 = 1. What are the prime factors of l?
3, 5
What are the prime factors of (-150)/(-60)*10/1?
5
Suppose 2*p + 5*x + 42 = -103, -5*x = -15. What are the prime factors of ((-18)/(-16)*-2)/(3/p)?
2, 3, 5
Let w(b) be the second derivative of -b**4/4 - b**3/6 - 5*b. Let p be w(-2). Let n = 7 - p. List the prime factors of n.
17
Suppose 21*c = 24*c - 1104. What are the prime factors of c?
2, 23
Suppose -r = -5*o - 36, -2*r = -r - 4*o - 32. Let c = -11 + r. What are the prime factors of ((-2)/c)/((-3)/210)?
2, 7
Let y(h) = h**2 + h - 5. Let c be y(-2). Let k be 5/c*(9 + -12). Suppose -u + 154 = 4*b - b, 250 = 5*b - k*u. What are the prime factors of b?
3, 17
Suppose -x + 499 + 1111 = 0. What are the prime factors of x?
2, 5, 7, 23
Let y be 18/(-108) - 242/(-12). Suppose 0 = -4*x - y + 380. List the prime factors of x.
2, 3, 5
Suppose 5*d + 2736 = 2*m + 11038, -4*d - 4138 = m. What are the prime factors of m/(-36) + (-1)/6?
5, 23
Let h(c) = c**2 + 11*c + 283. What are the prime factors of h(-55)?
3, 17, 53
What are the prime factors of (5/(-10))/(7/70) - -1730?
3, 5, 23
Suppose -2*y + 6*y - 12 = 0. Suppose 0 = 4*m - f, -4 - 3 = -y*m - f. What are the prime factors of 10/4 - m/(-2)?
3
List the prime factors of (14/(-4) + 2)*135304/(-156).
1301
Let h be (1 + 8)/((-3)/2). Let n be (h*(-3)/6)/1. Suppose 19 = 4*p - 4*k - k, n*p + k - 38 = 0. List the prime factors of p.
11
Suppose p = g - 2499, 0 = -3*g + 4*p + 4303 + 3196. What are the prime factors of g?
11, 227
Let l = -128 + 79. List the prime factors of (l/(-3))/((-4)/120*-5).
2, 7
Suppose -60 = -6*b + b. Let j be 0 + b/9*3. Suppose -j*n + 8*n = 24. What are the prime factors of n?
2, 3
Let r = 4197 - 2762. What are the prime factors of r?
5, 7, 41
Let u = -51 - -16. Let c = u + 55. Suppose 4*f - 78 = -5*d, 6 - c = -f - 4*d. What are the prime factors of f?
2, 11
Let b = 7760 - 5540. List the prime factors of b.
2, 3, 5, 37
Let t(a) = -181*a - 6. List the prime factors of t(-7).
13, 97
Suppose -3*l = -l - 462. List the prime factors of l.
3, 7, 11
Let g = -13 - -13. Suppose i - 74 + 12 = g. What are the prime factors of i?
2, 31
Suppose 2*p = -0*p + 2. Let c be p + -5 + 3 + -1. List the prime factors of 34 - (c + -3 - -3).
2, 3
Let i be (4 - 230/55) + 90/11. Let v(n) = n**2 - 3*n - 1. Let o be v(2). Let m = i - o. List the prime factors of m.
11
Let r = 5447 + -3051. What are the prime factors of r?
2, 599
Let y(z) = -3*z**2 - 4*z + 1. Let b(l) = -l**2 - l - 1. Let t(k) = -4*b(k) + y(k). Let f be t(0). Suppose -f*w = -9*w + 60. What are the prime factors of w?
3, 5
Let g = 1650 + -597. What are the prime factors of g?
3, 13
Let t(b) = 4*b - 9. Let j be t(6). Suppose -5*c - j = -10*c. Suppose v + c*v = 64. List the prime factors of v.
2
Let z be 0 + (3 - (-28 - 4)). Let j = z - 0. List the prime factors of j.
5, 7
Suppose -5*b - 2 + 32 = 0. Let y be 0/(b/3 - 0). Suppose 45 = 3*i - y*i. List the prime factors of i.
3, 5
Let x(p) = 3*p**3 + 8*p**2 - 48*p + 2. What are the prime factors of x(6)?
2, 5, 13
Suppose -15 = i - 6*i. Suppose -250 = -2*h - i*h. What are the prime factors of h?
2, 5
Let n be (68/6)/((-1)/(-27)). Let c = 452 - n. Suppose 0 = 2*y - 3*o - c, -5*y + 2*o + 417 = 41. List the prime factors of y.
2, 19
Let i(b) = -2*b + 15*b + 5*b + 6 + b. What are the prime factors of i(2)?
2, 11
Let z = 37 + -122. Let b = -51 - z. What are the prime factors of b?
2, 17
Let m(a) = 31*a - 160. What are the prime factors of m(46)?
2, 3, 211
Let d = -358 + 1326. What are the prime factors of d?
2, 11
Let y(p) = 4*p**3 + 5*p**2 + 2*p + 6. Let h(f) = -f**3 - f - 1. Let s(v) = -5*h(v) - y(v). List the prime factors of s(6).
53
Let h(d) = 11*d - 121. List the prime factors of h(41).
2, 3, 5, 11
Suppose 0 = -7*c + 2*c + 165. Let g = c - 24. Suppose -5*t + 268 = p, 5*t - 5*p = g*t - 227. List the prime factors of t.
53
Suppose 4*u + 3*l + 19 = -11, -2*l = -3*u - 14. Let r = 9 + u. Suppose 0 = 4*f - 3*c - 193, 0*c - 37 = -f - r*c. What are the prime factors of f?
2, 23
Let g(m) be the first derivative of m**7/210 + m**6/360 + m**4/12 + 7*m**3/3 + 2. Let w(h) be the third derivative of g(h). List the prime factors of w(2).
2, 19
Suppose -3*k + 1090 = u, 4*k + u - 1452 = -0*u. List the prime factors of k.
2, 181
Suppose i + 1315 = p, 7*p - 5*i - 2633 = 5*p. List the prime factors of p.
2, 3, 73
Let q = -16 + 17. Let s be ((3 - q) + -5)*-23. Suppose -s = -2*d + 51. What are the prime factors of d?
2, 3, 5
Suppose 6 = r + 1. Let d be 31 + 20/(-4) + 0. Suppose r*u - 144 = d. What are the prime factors of u?
2, 17
Suppose -4*o - x = 4*x - 100, 0 = -3*x. Suppose o = -4*s - s. Let g(h) = h**2 - 7*h - 8. List the prime factors of g(s).
2, 13
Let p = 2004 + -993. Let u = -705 + p. What are the prime factors of u?
2, 3, 17
Let z = 804 + 512. List the prime factors of z.
2, 7, 47
Let b = 3414 - 1734. What are the prime factors of b?
2, 3, 5, 7
Let f = -11 - -31. Let h(u) = -19*u - 10 - f*u + 46*u. List the prime factors of h(5).
5
Let s be (-2)/(-6)*178 + 42/(-126). Suppose 3*b = 593 - s. List the prime factors of b.
2, 89
Suppose 2*f - 2*b = -182, 5*f + b + 437 = -0*b. Suppose -3*d = -19*d - 2080. Let u = f - d. What are the prime factors of u?
2, 3, 7
Let q(b) = -2*b - 13. Let y be q(-9). Suppose 0*v + 3*s + 1 = -4*v, -4*s = -y*v + 22. List the prime factors of v.
2
Let m(a) = -2*a - 10. Let u be m(-10). Let b = 12 - u. Suppose 0*w - 28 = -b*w. What are the prime factors of w?
2, 7
Suppose -2*v = -4*o, 3*o - 4 = 3*v - 1. Let u be 0/((0 + o)*1). Let k = u - -27. List the prime factors of k.
3
Suppose -2*q - 6 = 0, 5 = 2*j + 4*q + 25. Let k(m) = -4*m**3 + 2*m - 2. Let b be k(1). What are the prime factors of j*(-2 + b) - -2?
2, 13
Suppose -52*v + 56*v - 5260 = 0. List the prime factors of v.
5, 263
Let y(r) = r**2 - 1. Let l(j) = -j**2 + 2. Let g(o) = 2*l(o) + 3*y(o). Suppose -4*h + 0*h = -12. List the prime factors of g(h).
2, 5
What are the prime factors of 1104/(-9)*14/((-56)/39)?
2, 13, 23
Let q = -132 - -642. What are the prime factors of q?
2, 3, 5, 17
Suppose -113*p - 35352 = -125*p. What are the prime factors of p?
2, 3, 491
Suppose 2*a = 10*a - 168. List the prime factors of (a/6)/(5/(-4 - -34)).
3, 7
Suppose -2*a + 3*g = -31, -g = -1 + 4. Let f = 31 - 9. Let j = f + a. List the prime factors of j.
3, 11
Suppose 0*y = 3*y - 171. Suppose 2*r + 5*j - 176 = -r, 2*j = -r + y. What are the prime factors of r?
67
Let f(k) = 7*k**2 + 46*k - 21. List the prime factors of f(-12).
3, 5, 29
Let r(o) = -o**2 - 80*o + 6. What are the prime factors of r(-26)?
2, 3, 5, 47
Let g be -5*(1 - 7/(105/(-999))). Let l = g + 526. What are the prime factors of l?
2, 47
Suppose -25*r = -28*r + 24. Let o = r - 12. What are the prime factors of (92/(-5))/(o/10)?
2, 23
Let n be (2*-1 + -9)*5. Let l(f) = 57*f + 8. Let w be l(4). What are the prime factors of w/10 + (-22)/n?
2, 3
Let j(u) = 7*u**2 + 14*u - 8. Let z(y) = -15*y**2 - 28*y + 17. Let b(g) = -13*j(g) - 6*z(g). Let n